0)?
4
Let u(w) = -w**2 + 5. Let s be u(2). Let y = 96 + -84. What is the hundreds digit of (8/y - -2)*(83 + s)?
2
Suppose -4*v + 3*v + 5784 = 4*x, -x = -4*v - 1463. Suppose 4*k = 3*q + 1818, 0 = 2*k + 4*q - x + 527. What is the tens digit of k?
5
Let m(j) = -1845*j - 979. What is the units digit of m(-8)?
1
Let t = -76 - -77. Suppose -4*y + 19 = -3*a, -y + 2*a + 5 + t = 0. Suppose -y*l + 2*b + 968 = -0*l, 0 = -b - 2. What is the tens digit of l?
4
Suppose p - 5*p = -4644. Let v be p*(80/12)/5. Suppose 0 = 2*d + 16*d - v. What is the tens digit of d?
8
Let g = -596 - -596. Suppose -m = 2*m - 3*u - 5049, g = 2*u + 10. What is the hundreds digit of m?
6
Let w(h) be the second derivative of 2*h**4/3 - 25*h**3/6 + 17*h**2/2 - 29*h. What is the units digit of w(12)?
9
Suppose 0 = l - 1, 0 = r + l - 6656 - 11946. What is the ten thousands digit of r?
1
Suppose -j - 4*q + 7545 = 0, -4*j - 2*q + 37176 = 6940. What is the hundreds digit of j?
5
Suppose j - 4 = -0. Suppose -b - 2*b = -5*g + 17, 71 = -j*b - 3*g. Let x(t) = -t**2 - 16*t + 39. What is the tens digit of x(b)?
6
Suppose 2*x + 3*a - 167 = 49, -110 = -x - 2*a. Suppose -3*t - 2*r - 90 = 0, -t + 3*r = -4*t - 90. Let j = x + t. What is the tens digit of j?
7
Let c(i) = -i**3 + 3*i**2 - 9*i + 2. Let z(t) = -9*t + 58. Suppose k - 3*r = 7, 14 = 2*k - r - r. Let w be z(k). What is the units digit of c(w)?
7
Let z(q) = 9*q + 8*q**2 + 0 + 3 - 2*q**3 + 5 + q**3. Let y be z(9). Let i(o) = o + 23. What is the tens digit of i(y)?
3
Let g(a) = -125*a + 12486. What is the ten thousands digit of g(-185)?
3
What is the thousands digit of 54962/8 - ((-186)/(-8) - 23)?
6
What is the hundreds digit of (-11)/2*301148/(-1738)?
9
Let m = 25 + -24. Let p(a) = -a**3 + 6*a**2 + 9*a. Let x be p(7). What is the units digit of (-21)/(-49) + m/(x/1296)?
3
Suppose 0 = 5*m - 19*o + 20*o - 9351, -4*o = 4*m - 7468. Let x = -493 + m. What is the thousands digit of x?
1
Let x be 7 - (0 + 3) - -37. Suppose -3*o = -7*o + 4*s + 8, 4*s = -3*o + x. Let c(w) = -w**3 + 11*w**2 - 5*w + 4. What is the units digit of c(o)?
5
Suppose 0 = -0*v - 4*v + 4*i + 1484, -2*v + i + 743 = 0. Suppose -2*u - 2 = -v. What is the tens digit of u?
8
Let d = -2810 + 2806. Suppose 3*z = z + 6. What is the units digit of 1 - -115 - (z - 3)/d?
6
Suppose -16*q + 12*q + 20 = 0. Let o(t) = 35*t - 1. Let c be o(q). Suppose -4*w = -w - c. What is the units digit of w?
8
Let i = 15364 - 9147. What is the tens digit of i?
1
Let o be (-202)/8*(-18)/27*-6. Let k = o - -374. What is the units digit of k?
3
Let k(t) = t**3 - 6*t**2 + 5*t + 4. Let y be k(6). Suppose -12665 = -y*i + 7395. What is the tens digit of i?
9
Suppose -121*h = 47*h - 3*h - 2196810. What is the thousands digit of h?
3
Let i be (1/(-1))/(3/(-15)). Let s(o) = o + 2. Let z(r) = 10*r - 17. Let x(g) = 5*s(g) + z(g). What is the units digit of x(i)?
8
Suppose -138430 = -364*o + 361*o + 2*a, 2*a - 92280 = -2*o. What is the ten thousands digit of o?
4
What is the units digit of (23 - 1) + 8457372/132?
3
Suppose 77 = -3*f - 1. Let n = f - -26. What is the tens digit of -2 + (n - (-22 + 3))?
1
Suppose 0 = -2*v + 3*v + 4*j - 3, v + 3*j - 6 = 0. Suppose 314 = 3*z + 2*z + 2*g, 5*g + v = 0. What is the tens digit of 2/(-8)*1 - (-2192)/z?
3
Let f = -12 - -4. Suppose 0 = -3*s - 4*s - 70. Let o = f - s. What is the units digit of o?
2
Let l(i) = 22*i**2 - 145*i - 2923. What is the thousands digit of l(-27)?
7
Let v = 527 + -370. Suppose 743 = -5*k - 4*o, 3*k + v = 2*k - 5*o. Let d = 235 + k. What is the units digit of d?
8
Suppose -71*f = -4*q - 66*f + 51131, q = 2*f + 12779. What is the hundreds digit of q?
7
Let q(l) = 110*l + 2542. What is the thousands digit of q(30)?
5
Let o(n) = 7*n**3 - 390*n**2 - 81*n - 285. What is the thousands digit of o(57)?
4
Let p = 374 - 87. Let k = p - 140. What is the hundreds digit of k?
1
Suppose -8*n - 3500 = -4*n - l, -3*l + 2625 = -3*n. Let j = n + 1532. What is the tens digit of j?
5
Let i(u) = -2*u**2 + 16*u - 12. Let r be i(7). What is the hundreds digit of -4*(-6 + (-185)/r)?
3
Let p(n) = 486*n**3 + 2*n**2 - 4*n + 3. Let s(l) = -3*l - 44. Let z be s(-15). What is the tens digit of p(z)?
8
Let k = -1 - -9. Let g(b) = -b**3 + 7*b**2 + 7*b + 10. Let r be g(k). Suppose 3*q + o - 94 = r*o, o = -3*q + 104. What is the tens digit of q?
3
Suppose i - 5*x - 31 = 0, -4*i + 35 = 3*x + 3. Suppose 0 = -4*v - i*v + 2085. What is the tens digit of v?
3
Suppose -d = -5*h + d + 1886, 0 = h - 3*d - 372. Suppose h = 6*b - 2784. What is the hundreds digit of b?
5
Suppose 8*o - 10 = 6. Suppose -o = -p - f, -p - 3*f + f = -1. Suppose 4*g - p*g - 73 = 0. What is the units digit of g?
3
Let a = -246 + 7032. What is the thousands digit of a?
6
Let l(a) = a**3 + 10*a**2 - 12*a + 29. Let d be l(-11). What is the units digit of -1*10/(d/(-228))?
7
Let y = 56834 - 9190. What is the thousands digit of y?
7
Let m = -13237 - -23514. What is the units digit of m?
7
Let m = 717 - 738. What is the tens digit of 685 - (-14)/m*3*-1?
8
Suppose -n - 56 = 62. Let p be 42/(-15) + (-1)/5. What is the units digit of (-1 - n/6)*(-9)/p?
6
Suppose -3*k + 3*i + 69 = 0, 0 = -2*i + i + 2. Suppose 5*q - 15 = -3*y, -y + 2*y - 5*q - k = 0. Let v = y - -66. What is the tens digit of v?
7
Suppose -6*y + 3387 = -4389. What is the tens digit of (90/(-24))/((-10)/y)?
8
Suppose 2*o = -2*i - 148, -o + 2*o + 68 = 2*i. Suppose 23*p = 24*p - 133. Let k = p + o. What is the units digit of k?
1
Let m(n) = -15*n**2 + 17*n + 63. Let g(i) = 29*i**2 - 33*i - 128. Let j(s) = -2*g(s) - 5*m(s). What is the hundreds digit of j(-6)?
6
Suppose -61*y - 5351 = -64*y + 14095. What is the thousands digit of y?
6
Let n = 2196 + -2153. Suppose 2*w = -0*w. Suppose w = 2*h, 5*h - n + 1 = -x. What is the units digit of x?
2
Suppose 37*w - 124*w = -538617. What is the tens digit of w?
9
Let b(n) = -2*n**3 + 14*n**2 + 57*n + 132. What is the hundreds digit of b(-17)?
0
Let w(z) = -760*z - 570. What is the tens digit of w(-7)?
5
Let b be 7 + 1 + -6 + 16. Let d(t) = t**3 - 18*t**2 + 17*t + 92. What is the tens digit of d(b)?
9
Let f(b) = b**2 + 4*b + 5. Let n be f(-5). Let r be (-5)/n + 214/4. Let o = r - 1. What is the tens digit of o?
5
Suppose -15*p - 233 = -68. Let k(x) be the third derivative of -x**6/120 - 3*x**5/20 + 5*x**4/6 - x**3 + 4*x**2. What is the tens digit of k(p)?
1
Let b be (-3)/8 - 105/96*-4. Suppose -b*g + 5385 = 3*h, -3*h + 4*h - 1782 = 3*g. What is the thousands digit of h?
1
Suppose 30 + 6 = 4*w. Suppose -4*p + g + w = 0, 5*p + 0*g - 11 = g. Suppose -p*o - 139 = -3*o. What is the units digit of o?
9
Let g be 4/(-6) - (-522006)/171. Suppose -3*m + 6*s + 4577 = 4*s, 2*m - 2*s = g. What is the thousands digit of m?
1
Let i(l) = -3*l**3 + 22*l**2 - 16*l - 26. Let a(n) = -n**3 + 11*n**2 - 8*n - 13. Let k(w) = -5*a(w) + 2*i(w). What is the units digit of k(-12)?
1
Suppose 0 = 7664*x - 7662*x - 72842. What is the tens digit of x?
2
Let d be (-75732)/(-108) - 2/9. Suppose 2*s + k = -d + 57, -966 = 3*s - k. Let w = s - -502. What is the units digit of w?
0
Suppose 5*u - 2*k - 218 = 0, 0 = 11*u - 10*u - 4*k - 40. Let h(g) = g**3 + 8*g**2 - 4*g - 4. Let m be h(-6). Let r = m - u. What is the units digit of r?
8
Let x be (124 - 1)/((-3 - 6)/(-54)). Suppose -2*p = -5*n + x, -2*n = -p + 4*p - 280. What is the tens digit of n?
4
Suppose -11*t + 70 = 26. Suppose -2*w + 5*k + 28 = 0, t*k - 4 = -6*w + w. Suppose 4*q + 467 - 3 = w*y, 5*q = 20. What is the tens digit of y?
2
Let v be 10/((-200)/(-65)) - (-1)/(-4). Suppose 0 = h + 8*p - v*p + 154, 4*h + 4*p = -696. Let r = h - -381. What is the units digit of r?
2
Suppose g - l = 13902, 14662 = 2*g + 4*l - 13136. What is the thousands digit of g?
3
Let c be (2/(-2))/(4 - 567/144). Let p be 144*(-1 - 28/c) - 0. Suppose q + 5*f - 248 = 0, -5*q - 3*f + 1370 - p = 0. What is the hundreds digit of q?
2
Suppose 0 = -4*p - 4*l + 12, -20 = -4*p - l - 2. Suppose 4*j + 1437 = 5*a, 4*a = p*j - j + 1148. What is the tens digit of a?
8
Suppose 32*a - 33*a = -144. Suppose -8*o = -9*o + a. Let n = -1 + o. What is the units digit of n?
3
Let g(s) = 12*s + 50. Let y be g(-4). Suppose -248 = -y*v + 178. What is the hundreds digit of v?
2
Suppose -11*h - 51*h = 27*h - 1820139. What is the thousands digit of h?
0
Let q 